.
1
What is -5 (base 9) in base 13?
-5
16 (base 7) to base 14
d
-13 (base 12) to base 2
-1111
What is -22 (base 5) in base 7?
-15
Convert 2 (base 5) to base 11.
2
-3 (base 8) to base 10
-3
-13a (base 15) to base 16
-118
What is -1011011 (base 2) in base 13?
-70
What is 25 (base 8) in base 11?
1a
Convert -79 (base 13) to base 4.
-1210
-93 (base 16) to base 14
-a7
What is -20 (base 13) in base 10?
-26
What is 0 (base 13) in base 4?
0
120 (base 4) to base 7
33
What is -5 (base 12) in base 13?
-5
Convert -5 (base 16) to base 12.
-5
What is 12 (base 3) in base 7?
5
What is -11 (base 2) in base 6?
-3
What is 1201 (base 3) in base 2?
101110
Convert -1101 (base 2) to base 9.
-14
What is d (base 14) in base 9?
14
Convert -1a (base 15) to base 10.
-25
-3 (base 13) to base 2
-11
What is 5 (base 7) in base 10?
5
What is 2 (base 4) in base 11?
2
What is -201 (base 3) in base 14?
-15
13 (base 4) to base 9
7
-1 (base 3) to base 11
-1
Convert 13 (base 14) to base 12.
15
-20 (base 11) to base 7
-31
What is -2 (base 11) in base 12?
-2
What is 1 (base 7) in base 8?
1
What is 5 (base 10) in base 2?
101
1002 (base 3) to base 4
131
45 (base 11) to base 16
31
-14 (base 9) to base 15
-d
11 (base 4) to base 2
101
Convert 0 (base 4) to base 2.
0
What is 65 (base 14) in base 15?
5e
Convert -25 (base 10) to base 2.
-11001
121 (base 10) to base 3
11111
Convert -14 (base 16) to base 10.
-20
Convert -5 (base 8) to base 9.
-5
Convert -111 (base 4) to base 11.
-1a
What is 1101100 (base 2) in base 12?
90
-1101 (base 2) to base 13
-10
What is 4 (base 16) in base 14?
4
25 (base 7) to base 10
19
What is -137 (base 8) in base 2?
-1011111
Convert -1 (base 15) to base 9.
-1
What is -13 (base 13) in base 16?
-10
20 (base 3) to base 7
6
-1110 (base 2) to base 14
-10
What is -212 (base 3) in base 16?
-17
Convert 1a4 (base 13) to base 14.
179
What is 0 (base 14) in base 4?
0
Convert 42 (base 16) to base 10.
66
Convert 0 (base 9) to base 5.
0
What is -1 (base 16) in base 9?
-1
What is -13 (base 14) in base 8?
-21
Convert -12 (base 4) to base 10.
-6
What is -12 (base 5) in base 16?
-7
What is 3 (base 15) in base 16?
3
-71 (base 15) to base 13
-82
-10 (base 10) to base 2
-1010
Convert -8 (base 10) to base 9.
-8
What is 95 (base 12) in base 16?
71
3 (base 9) to base 5
3
What is 8 (base 10) in base 3?
22
-5 (base 16) to base 10
-5
Convert 5 (base 9) to base 15.
5
13 (base 13) to base 6
24
Convert -1000011 (base 2) to base 13.
-52
What is 2033 (base 4) in base 9?
168
e (base 15) to base 7
20
Convert 24 (base 10) to base 4.
120
What is 10 (base 14) in base 4?
32
-143 (base 8) to base 16
-63
Convert 24 (base 7) to base 8.
22
What is -1 (base 15) in base 6?
-1
10 (base 8) to base 14
8
Convert -40 (base 9) to base 13.
-2a
What is 53 (base 9) in base 5?
143
Convert -1 (base 12) to base 7.
-1
1 (base 9) to base 8
1
Convert -2 (base 4) to base 15.
-2
Convert -32 (base 6) to base 14.
-16
What is -76 (base 13) in base 12?
-81
Convert 433 (base 5) to base 3.
11101
Convert 45 (base 8) to base 10.
37
3 (base 11) to base 8
3
Convert -2c (base 14) to base 7.
-55
-3 (base 4) to base 5
-3
What is -1444 (base 6) in base 10?
-388
Convert 12 (base 4) to base 2.
110
Convert 116 (base 13) to base 6.
512
What is 1001100 (base 2) in base 10?
76
20 (base 3) to base 9
6
Convert 1 (base 14) to base 12.
1
-14 (base 5) to base 12
-9
Convert -8 (base 15) to base 13.
-8
-151 (base 6) to base 10
-67
What is 4 (base 8) in base 14?
4
Convert -7b (base 13) to base 4.
-1212
What is -14 (base 14) in base 15?
-13
What is 32 (base 8) in base 5?
101
-3 (base 12) to base 9
-3
Convert 2300 (base 4) to base 11.
150
-4 (base 15) to base 10
-4
-1 (base 5) to base 7
-1
Convert -23 (base 12) to base 10.
-27
115 (base 15) to base 13
15b
What is -21 (base 9) in base 7?
-25
What is 2 (base 5) in base 16?
2
What is 65 (base 8) in base 16?
35
17 (base 11) to base 2
10010
Convert -23 (base 5) to base 6.
-21
Convert 3 (base 5) to base 11.
3
Convert -53 (base 10) to base 4.
-311
What is c (base 13) in base 9?
13
-79 (base 15) to base 2
-1110010
What is 22 (base 11) in base 7?
33
What is -1a (base 11) in base 16?
-15
What is -7 (base 10) in base 4?
-13
Convert -68 (base 9) to base 7.
-116
-6 (base 12) to base 7
-6
Convert 6 (base 13) to base 8.
6
Convert 36 (base 14) to base 6.
120
Convert -112 (base 4) to base 13.
-19
0 (base 7) to base 13
0
91 (base 11) to base 13
79
Convert -1 (base 8) to base 14.
-1
What is 3 (base 4) in base 5?
3
What is 12 (base 8) in base 5?
20
Convert -21 (base 4) to base 14.
-9
What is 22 (base 10) in base 8?
26
What is 0 (base 13) in base 8?
0
What is -11 (base 7) in base 8?
-10
Convert a (base 12) to base 16.
a
16 (base 14) to base 5
40
Convert 21 (base 16) to base 6.
53
What is f0 (base 16) in base 8?
360
57 (base 14) to base 5
302
Convert -252 (base 7) to base 5.
-1020
What is 3 (base 4) in base 7?
3
-111011 (base 2) to base 7
-113
Convert -100 (base 2) to base 12.
-4
Convert 434 (base 7) to base 2.
11011101
8 (base 16) to base 13
8
What is -18 (base 9) in base 12?
-15
Convert -3 (base 14) to base 7.
-3
Convert -11010010 (base 2) to base 9.
-253
89 (base 16) to base 9
162
-101 (base 2) to base 16
-5
What is -2 (base 11) in base 5?
-2
9c (base 13) to base 3
11210
7 (base 12) to base 13
7
Convert -10000 (base 2) to base 11.
-15
-1 (base 8) to base 9
-1
-1110 (base 2) to base 5
-24
Convert 7 (base 9) to base 11.
7
What is 214 (base 8) in base 16?
8c
Convert -71 (base 8) to base 15.
-3c
-3 (base 5) to base 9
-3
126 (base 8) to base 9
105
-3 (base 14) to base 6
-3
What is -9 (base 13) in base 8?
-11
-11 (base 2) to base 16
-3
-33 (base 5) to base 12
-16
Convert -1 (base 2) to base 4.
-1
Convert -33 (base 6) to base 14.
-17
Convert 11 (base 5) to base 9.
6
1100 (base 2) to base 6
20
Convert -1 (base 3) to base 7.
-1
Convert -7 (base 13) to base 11.
-7
Convert -42 (base 13) to base 14.
-3c
Convert -22 (base 6) to base 15.
-e
What is 21012 (base 3) in base 14?
dc
Convert -3 (base 11) to base 4.
-3
Convert 20 (base 3) to base 14.
6
Convert -212 (base 4) to base 6.
-102
What is -149 (base 15) in base 8?
-446
What is -62 (base 9) in base 8?
-70
Convert -10100110 (base 2) to base 8.
-246
What is 5 (base 9) in base 3?
12
What is -2 (base 9) in base 14?
-2
What is -3 (base 15) in base 5?
-3
What is 35 (base 11) in base 9?
42
What is 100100110 (base 2) in base 14?
170
What is -42 (base 12) in base 15?
-35
Convert 8 (base 15) to base 3.
22
Convert -11 (base 10) to base 11.
-10
-18 (base 11) to base 13
-16
Convert 16 (base 10) to base 15.
11
What is 5 (base 7) in base 11?
5
Convert -6a (base 13) to base 3.
-10021
Convert 26 (base 15) to base 12.
30
Convert 115 (base 6) to base 11.
43
What is -5 (base 7) in base 3?
-12
What is -1004 (base 7) in base 10?
-347
What is -14 (base 16) in base 14?
-16
Convert 197 (base 14) to base 15.
16e
Convert -3 (base 4) to base 12.
-3
What is -332 (base 4) in base 2?
-111110
Convert -20 (base 3) to base 5.
-11
Convert 0 (base 6) to base 11.
0
What is 352 (base 7) in base 14?
d2
Convert -188 (base 10) to base 4.
-2330
What is -15 (base 9) in base 3?
-112
Convert -4 (base 8) to base 11.
-4
Convert 133 (base 11) to base 5.
1112
Convert -39 (base 11) to base 7.
-60
-60 (base 8) to base 4
-300
14 (base 11) to base 15
10
What is 5 (base 16) in base 3?
12
Convert 10101 (base 2) to base 10.
21
Convert -14 (base 9) to base 2.
-1101
What is 4 (base 10) in base 3?
11
What is 156 (base 9) in base 13?
a2
-26 (base 7) to base 16
-14
Convert 1100 (base 3) to base 8.
44
Convert d (base 15) to base 14.
d
What is a6 (base 13) in base 4?
2020
What is 11f (base 16) in base 10?
287
Convert 3 (base 12) to base 14.
3
Convert 28 (base 13) to base 7.
46
What is c (base 13) in base 4?
30
Convert 3 (base 12) to base 5.
3
Convert -4 (base 7) to base 6.
-4
What is -c5 (base 15) in base 2?
-10111001
What is -22 (base 4) in base 9?
-11
-9 (base 13) to base 4
-21
What is 0 (base 13) in base 4?
0
What is -114 (base 7) in base 14?
-44
What is 4 (base 15) in base 7?
4
What is -2102 (base 3) in base 14?
-49
Convert -23 (base 8) to base 10.
-19
-101 (base 8) to base 13
-50
What is 3 (base 4) in base 12?
3
37 (base 11) to base 10
40
2 (base 6) to base 8
2
34 (base 10) to base 12
2a
-4 (base 15) to base 7
-4
-5 (base 7) to base 8
-5
38